{"id":13,"date":"2026-02-02T17:31:52","date_gmt":"2026-02-02T17:31:52","guid":{"rendered":"https:\/\/la-crypte-du-vtubing.com\/?page_id=13"},"modified":"2026-02-03T18:12:47","modified_gmt":"2026-02-03T18:12:47","slug":"accueil","status":"publish","type":"page","link":"https:\/\/la-crypte-du-vtubing.com\/","title":{"rendered":"Accueil"},"content":{"rendered":"\t\t<div data-elementor-type=\"wp-page\" data-elementor-id=\"13\" class=\"elementor elementor-13\" data-elementor-post-type=\"page\">\n\t\t\t\t<div class=\"elementor-element elementor-element-47de75f7 e-con-full e-flex e-con e-parent\" data-id=\"47de75f7\" data-element_type=\"container\" data-e-type=\"container\" data-settings=\"{&quot;background_background&quot;:&quot;classic&quot;,&quot;background_motion_fx_motion_fx_scrolling&quot;:&quot;yes&quot;,&quot;background_motion_fx_translateY_effect&quot;:&quot;yes&quot;,&quot;background_motion_fx_translateY_speed&quot;:{&quot;unit&quot;:&quot;px&quot;,&quot;size&quot;:4,&quot;sizes&quot;:[]},&quot;background_motion_fx_translateY_affectedRange&quot;:{&quot;unit&quot;:&quot;%&quot;,&quot;size&quot;:&quot;&quot;,&quot;sizes&quot;:{&quot;start&quot;:0,&quot;end&quot;:100}},&quot;background_motion_fx_devices&quot;:[&quot;desktop&quot;,&quot;tablet&quot;,&quot;mobile&quot;]}\">\n\t\t<div class=\"elementor-element elementor-element-3af3b21 e-flex e-con-boxed e-con e-child\" data-id=\"3af3b21\" data-element_type=\"container\" data-e-type=\"container\" data-settings=\"{&quot;background_background&quot;:&quot;classic&quot;}\">\n\t\t\t\t\t<div class=\"e-con-inner\">\n\t\t\t\t<div class=\"elementor-element elementor-element-78bcae71 elementor-widget elementor-widget-heading\" data-id=\"78bcae71\" data-element_type=\"widget\" data-e-type=\"widget\" data-widget_type=\"heading.default\">\n\t\t\t\t\t<h1 class=\"elementor-heading-title elementor-size-default\">Le blog pour les mordu.e.s <br>\nde vtubing<\/h1>\t\t\t\t<\/div>\n\t\t\t\t<div class=\"elementor-element elementor-element-41bec7a0 elementor-widget__width-inherit elementor-widget elementor-widget-text-editor\" data-id=\"41bec7a0\" data-element_type=\"widget\" data-e-type=\"widget\" data-widget_type=\"text-editor.default\">\n\t\t\t\t\t\t\t\t\t<p>Bienvenue dans la Crypte du Vtubing ! Partage d&rsquo;infos, de bonnes affaires, de tutos, de conseils autour des streams et avatars. Tu es vtuber ou souhaites le devenir? Rejoins-nous !<\/p>\t\t\t\t\t\t\t\t<\/div>\n\t\t\t\t\t<\/div>\n\t\t\t\t<\/div>\n\t\t\t\t<\/div>\n\t\t<div class=\"elementor-element elementor-element-77169eb5 e-flex e-con-boxed e-con e-parent\" data-id=\"77169eb5\" data-element_type=\"container\" data-e-type=\"container\">\n\t\t\t\t\t<div class=\"e-con-inner\">\n\t\t\t\t<div class=\"elementor-element elementor-element-5d99c651 elementor-posts__hover-none elementor-grid-3 elementor-grid-tablet-2 elementor-grid-mobile-1 elementor-posts--thumbnail-top elementor-widget elementor-widget-posts\" data-id=\"5d99c651\" data-element_type=\"widget\" data-e-type=\"widget\" data-settings=\"{&quot;cards_row_gap&quot;:{&quot;unit&quot;:&quot;px&quot;,&quot;size&quot;:80,&quot;sizes&quot;:[]},&quot;cards_row_gap_tablet&quot;:{&quot;unit&quot;:&quot;px&quot;,&quot;size&quot;:71,&quot;sizes&quot;:[]},&quot;cards_row_gap_mobile&quot;:{&quot;unit&quot;:&quot;px&quot;,&quot;size&quot;:30,&quot;sizes&quot;:[]},&quot;cards_columns&quot;:&quot;3&quot;,&quot;cards_columns_tablet&quot;:&quot;2&quot;,&quot;cards_columns_mobile&quot;:&quot;1&quot;}\" data-widget_type=\"posts.cards\">\n\t\t\t\t<div class=\"elementor-widget-container\">\n\t\t\t\t\t\t\t<div class=\"elementor-posts-container elementor-posts elementor-posts--skin-cards elementor-grid\" role=\"list\">\n\t\t\t\t<article class=\"elementor-post elementor-grid-item post-123 post type-post status-publish format-standard hentry category-uncategorized\" role=\"listitem\">\n\t\t\t<div class=\"elementor-post__card\">\n\t\t\t\t<div class=\"elementor-post__text\">\n\t\t\t\t<h4 class=\"elementor-post__title\">\n\t\t\t<a href=\"https:\/\/la-crypte-du-vtubing.com\/index.php\/2026\/02\/05\/assets-gratuits-pour-vtubers\/\" >\n\t\t\t\tAssets gratuits pour vtubers\t\t\t<\/a>\n\t\t<\/h4>\n\t\t\t\t<div class=\"elementor-post__excerpt\">\n\t\t\t<p>Voici une s\u00e9lection d\u2019assets totalement gratuits que j\u2019ai trouv\u00e9s au fil de mes recherches. Cette liste n\u2019a pas vocation \u00e0<\/p>\n\t\t<\/div>\n\t\t\n\t\t<a class=\"elementor-post__read-more\" href=\"https:\/\/la-crypte-du-vtubing.com\/index.php\/2026\/02\/05\/assets-gratuits-pour-vtubers\/\" aria-label=\"En savoir plus sur Assets gratuits pour vtubers\" tabindex=\"-1\" >\n\t\t\tRead More\t\t<\/a>\n\n\t\t\t\t<\/div>\n\t\t\t\t\t<\/div>\n\t\t<\/article>\n\t\t\t\t<article class=\"elementor-post elementor-grid-item post-121 post type-post status-publish format-standard hentry category-uncategorized\" role=\"listitem\">\n\t\t\t<div class=\"elementor-post__card\">\n\t\t\t\t<div class=\"elementor-post__text\">\n\t\t\t\t<h4 class=\"elementor-post__title\">\n\t\t\t<a href=\"https:\/\/la-crypte-du-vtubing.com\/index.php\/2026\/02\/05\/pourquoi-eviter-lia-quand-on-est-vtuber-comment-la-reconnaitre\/\" >\n\t\t\t\tPourquoi \u00e9viter l\u2019IA quand on est vtuber ? Comment la reconnaitre ?\t\t\t<\/a>\n\t\t<\/h4>\n\t\t\t\t<div class=\"elementor-post__excerpt\">\n\t\t\t<p>Quand l\u2019IA d\u00e9barque et promet des visuels \u201crapides, pas chers et sans devoir collaborer avec d\u2019autres humains\u201d, il faut avouer<\/p>\n\t\t<\/div>\n\t\t\n\t\t<a class=\"elementor-post__read-more\" href=\"https:\/\/la-crypte-du-vtubing.com\/index.php\/2026\/02\/05\/pourquoi-eviter-lia-quand-on-est-vtuber-comment-la-reconnaitre\/\" aria-label=\"En savoir plus sur Pourquoi \u00e9viter l\u2019IA quand on est vtuber ? Comment la reconnaitre ?\" tabindex=\"-1\" >\n\t\t\tRead More\t\t<\/a>\n\n\t\t\t\t<\/div>\n\t\t\t\t\t<\/div>\n\t\t<\/article>\n\t\t\t\t<article class=\"elementor-post elementor-grid-item post-119 post type-post status-publish format-standard hentry category-uncategorized\" role=\"listitem\">\n\t\t\t<div class=\"elementor-post__card\">\n\t\t\t\t<div class=\"elementor-post__text\">\n\t\t\t\t<h4 class=\"elementor-post__title\">\n\t\t\t<a href=\"https:\/\/la-crypte-du-vtubing.com\/index.php\/2026\/02\/05\/ou-trouver-ses-elements-de-stream-en-tant-que-vtuber\/\" >\n\t\t\t\tO\u00f9 trouver ses \u00e9l\u00e9ments de stream en tant que vtuber ?\t\t\t<\/a>\n\t\t<\/h4>\n\t\t\t\t<div class=\"elementor-post__excerpt\">\n\t\t\t<p>Tu cherches des backgrounds, des overlays, des assets anim\u00e9s, des \u00e9l\u00e9ments pour habiller ton stream et donner un vrai style<\/p>\n\t\t<\/div>\n\t\t\n\t\t<a class=\"elementor-post__read-more\" href=\"https:\/\/la-crypte-du-vtubing.com\/index.php\/2026\/02\/05\/ou-trouver-ses-elements-de-stream-en-tant-que-vtuber\/\" aria-label=\"En savoir plus sur O\u00f9 trouver ses \u00e9l\u00e9ments de stream en tant que vtuber ?\" tabindex=\"-1\" >\n\t\t\tRead More\t\t<\/a>\n\n\t\t\t\t<\/div>\n\t\t\t\t\t<\/div>\n\t\t<\/article>\n\t\t\t\t<article class=\"elementor-post elementor-grid-item post-17 post type-post status-publish format-standard has-post-thumbnail hentry category-infos\" role=\"listitem\">\n\t\t\t<div class=\"elementor-post__card\">\n\t\t\t\t<a class=\"elementor-post__thumbnail__link\" href=\"https:\/\/la-crypte-du-vtubing.com\/index.php\/2026\/02\/03\/cest-quoi-le-vtubing\/\" tabindex=\"-1\" ><div class=\"elementor-post__thumbnail\"><img fetchpriority=\"high\" decoding=\"async\" width=\"1200\" height=\"800\" src=\"https:\/\/la-crypte-du-vtubing.com\/wp-content\/uploads\/2026\/02\/placeholder-1.png\" class=\"attachment-full size-full wp-image-37\" alt=\"\" srcset=\"https:\/\/la-crypte-du-vtubing.com\/wp-content\/uploads\/2026\/02\/placeholder-1.png 1200w, https:\/\/la-crypte-du-vtubing.com\/wp-content\/uploads\/2026\/02\/placeholder-1-300x200.png 300w, https:\/\/la-crypte-du-vtubing.com\/wp-content\/uploads\/2026\/02\/placeholder-1-1024x683.png 1024w, https:\/\/la-crypte-du-vtubing.com\/wp-content\/uploads\/2026\/02\/placeholder-1-768x512.png 768w\" sizes=\"(max-width: 1200px) 100vw, 1200px\" \/><\/div><\/a>\n\t\t\t\t<div class=\"elementor-post__text\">\n\t\t\t\t<h4 class=\"elementor-post__title\">\n\t\t\t<a href=\"https:\/\/la-crypte-du-vtubing.com\/index.php\/2026\/02\/03\/cest-quoi-le-vtubing\/\" >\n\t\t\t\tC\u2019est quoi le vtubing ?\t\t\t<\/a>\n\t\t<\/h4>\n\t\t\t\t<div class=\"elementor-post__excerpt\">\n\t\t\t<p>Si tu tra\u00eenes un minimum sur Twitch, YouTube ou TikTok, tu as forc\u00e9ment d\u00e9j\u00e0 crois\u00e9 un vtuber ou une vtubeuse.<\/p>\n\t\t<\/div>\n\t\t\n\t\t<a class=\"elementor-post__read-more\" href=\"https:\/\/la-crypte-du-vtubing.com\/index.php\/2026\/02\/03\/cest-quoi-le-vtubing\/\" aria-label=\"En savoir plus sur C\u2019est quoi le vtubing ?\" tabindex=\"-1\" >\n\t\t\tRead More\t\t<\/a>\n\n\t\t\t\t<\/div>\n\t\t\t\t\t<\/div>\n\t\t<\/article>\n\t\t\t\t<\/div>\n\t\t\n\t\t\t\t\t\t<\/div>\n\t\t\t\t<\/div>\n\t\t\t\t\t<\/div>\n\t\t\t\t<\/div>\n\t\t\t\t<\/div>\n\t\t","protected":false},"excerpt":{"rendered":"<p>Le blog pour les mordu.e.s de vtubing Bienvenue dans la Crypte du Vtubing ! Partage d&rsquo;infos, de bonnes affaires, de tutos, de conseils autour des streams et avatars. Tu es vtuber ou souhaites le devenir? Rejoins-nous !<\/p>\n","protected":false},"author":1,"featured_media":0,"parent":0,"menu_order":0,"comment_status":"closed","ping_status":"closed","template":"","meta":{"footnotes":""},"class_list":["post-13","page","type-page","status-publish","hentry"],"_links":{"self":[{"href":"https:\/\/la-crypte-du-vtubing.com\/index.php\/wp-json\/wp\/v2\/pages\/13","targetHints":{"allow":["GET"]}}],"collection":[{"href":"https:\/\/la-crypte-du-vtubing.com\/index.php\/wp-json\/wp\/v2\/pages"}],"about":[{"href":"https:\/\/la-crypte-du-vtubing.com\/index.php\/wp-json\/wp\/v2\/types\/page"}],"author":[{"embeddable":true,"href":"https:\/\/la-crypte-du-vtubing.com\/index.php\/wp-json\/wp\/v2\/users\/1"}],"replies":[{"embeddable":true,"href":"https:\/\/la-crypte-du-vtubing.com\/index.php\/wp-json\/wp\/v2\/comments?post=13"}],"version-history":[{"count":22,"href":"https:\/\/la-crypte-du-vtubing.com\/index.php\/wp-json\/wp\/v2\/pages\/13\/revisions"}],"predecessor-version":[{"id":111,"href":"https:\/\/la-crypte-du-vtubing.com\/index.php\/wp-json\/wp\/v2\/pages\/13\/revisions\/111"}],"wp:attachment":[{"href":"https:\/\/la-crypte-du-vtubing.com\/index.php\/wp-json\/wp\/v2\/media?parent=13"}],"curies":[{"name":"wp","href":"https:\/\/api.w.org\/{rel}","templated":true}]}}